{"id":17,"date":"2024-04-18T00:57:36","date_gmt":"2024-04-18T00:57:36","guid":{"rendered":"https:\/\/eletro.esds.edu.pt\/?page_id=17"},"modified":"2024-04-30T15:44:19","modified_gmt":"2024-04-30T15:44:19","slug":"atividades","status":"publish","type":"page","link":"https:\/\/eletro.esds.edu.pt\/?page_id=17","title":{"rendered":"Atividades"},"content":{"rendered":"<ul style=\"padding-top:0;padding-bottom:0;padding-left:0;padding-right:0;margin-top:0;margin-bottom:0;\" class=\"wp-block-latest-posts__list is-grid columns-3 has-dates has-author alignwide wp-block-latest-posts\"><li><div class=\"wp-block-latest-posts__featured-image\"><img loading=\"lazy\" decoding=\"async\" width=\"1024\" height=\"575\" src=\"https:\/\/eletro.esds.edu.pt\/wp-content\/uploads\/2026\/03\/WhatsApp-Image-2026-03-12-at-19.17.55-3-1024x575.jpeg\" class=\"attachment-large size-large wp-post-image\" alt=\"\" style=\"\" srcset=\"https:\/\/eletro.esds.edu.pt\/wp-content\/uploads\/2026\/03\/WhatsApp-Image-2026-03-12-at-19.17.55-3-1024x575.jpeg 1024w, https:\/\/eletro.esds.edu.pt\/wp-content\/uploads\/2026\/03\/WhatsApp-Image-2026-03-12-at-19.17.55-3-300x169.jpeg 300w, https:\/\/eletro.esds.edu.pt\/wp-content\/uploads\/2026\/03\/WhatsApp-Image-2026-03-12-at-19.17.55-3-768x432.jpeg 768w, https:\/\/eletro.esds.edu.pt\/wp-content\/uploads\/2026\/03\/WhatsApp-Image-2026-03-12-at-19.17.55-3-1536x863.jpeg 1536w, https:\/\/eletro.esds.edu.pt\/wp-content\/uploads\/2026\/03\/WhatsApp-Image-2026-03-12-at-19.17.55-3.jpeg 1600w\" sizes=\"auto, (max-width: 1024px) 100vw, 1024px\" \/><\/div><a class=\"wp-block-latest-posts__post-title\" href=\"https:\/\/eletro.esds.edu.pt\/?p=793\">Visita de estudo \u00e0 AL &#8211; Material El\u00e9trico e \u00e0 CS &#8211; Coelho da Silva<\/a><div class=\"wp-block-latest-posts__post-author\">por profeletro<\/div><time datetime=\"2026-03-12T19:42:05+00:00\" class=\"wp-block-latest-posts__post-date\">12 de Mar\u00e7o, 2026<\/time><div class=\"wp-block-latest-posts__post-excerpt\">Depois da visita das turmas dos 2\u00bas anos dos nossos cursos profissionais, desta vez foram as turmas 1\u00baA e 1\u00baB, dos 1\u00ba anos dos Cursos Profissionais de Eletrotecnia e de Eletr\u00f3nica, Automa\u00e7\u00e3o e Computadores, respetivamente. Na parte da manh\u00e3 do dia\u2026 <a class=\"wp-block-latest-posts__read-more\" href=\"https:\/\/eletro.esds.edu.pt\/?p=793\" rel=\"noopener noreferrer\">Leia mais<span class=\"screen-reader-text\">: Visita de estudo \u00e0 AL &#8211; Material El\u00e9trico e \u00e0 CS &#8211; Coelho da Silva<\/span><\/a><\/div><\/li>\n<li><div class=\"wp-block-latest-posts__featured-image\"><img loading=\"lazy\" decoding=\"async\" width=\"1024\" height=\"576\" src=\"https:\/\/eletro.esds.edu.pt\/wp-content\/uploads\/2026\/03\/IMG_20260226_101032-1024x576.jpg\" class=\"attachment-large size-large wp-post-image\" alt=\"\" style=\"\" srcset=\"https:\/\/eletro.esds.edu.pt\/wp-content\/uploads\/2026\/03\/IMG_20260226_101032-1024x576.jpg 1024w, https:\/\/eletro.esds.edu.pt\/wp-content\/uploads\/2026\/03\/IMG_20260226_101032-300x169.jpg 300w, https:\/\/eletro.esds.edu.pt\/wp-content\/uploads\/2026\/03\/IMG_20260226_101032-768x432.jpg 768w, https:\/\/eletro.esds.edu.pt\/wp-content\/uploads\/2026\/03\/IMG_20260226_101032-1536x864.jpg 1536w, https:\/\/eletro.esds.edu.pt\/wp-content\/uploads\/2026\/03\/IMG_20260226_101032-2048x1152.jpg 2048w\" sizes=\"auto, (max-width: 1024px) 100vw, 1024px\" \/><\/div><a class=\"wp-block-latest-posts__post-title\" href=\"https:\/\/eletro.esds.edu.pt\/?p=784\">Visita de Estudo \u00e0 Streak e \u00e0  CIE Plasfil<\/a><div class=\"wp-block-latest-posts__post-author\">por profeletro<\/div><time datetime=\"2026-03-05T22:46:42+00:00\" class=\"wp-block-latest-posts__post-date\">5 de Mar\u00e7o, 2026<\/time><div class=\"wp-block-latest-posts__post-excerpt\">As turmas 2\u00baA e 2\u00baB, dos nossos cursos profissionais, foram em visita de estudo \u00e0s empresas Streak e CIE Plasfil, ambas no parque industrial da Figueira da Foz, no passado dia 26 de fevereiro. Ao todo foram 35 alunos, acompanhados pelos\u2026 <a class=\"wp-block-latest-posts__read-more\" href=\"https:\/\/eletro.esds.edu.pt\/?p=784\" rel=\"noopener noreferrer\">Leia mais<span class=\"screen-reader-text\">: Visita de Estudo \u00e0 Streak e \u00e0  CIE Plasfil<\/span><\/a><\/div><\/li>\n<li><div class=\"wp-block-latest-posts__featured-image\"><img loading=\"lazy\" decoding=\"async\" width=\"1024\" height=\"768\" src=\"https:\/\/eletro.esds.edu.pt\/wp-content\/uploads\/2026\/03\/MVIMG_20260125_160051-1024x768.jpg\" class=\"attachment-large size-large wp-post-image\" alt=\"\" style=\"\" srcset=\"https:\/\/eletro.esds.edu.pt\/wp-content\/uploads\/2026\/03\/MVIMG_20260125_160051-1024x768.jpg 1024w, https:\/\/eletro.esds.edu.pt\/wp-content\/uploads\/2026\/03\/MVIMG_20260125_160051-300x225.jpg 300w, https:\/\/eletro.esds.edu.pt\/wp-content\/uploads\/2026\/03\/MVIMG_20260125_160051-768x576.jpg 768w, https:\/\/eletro.esds.edu.pt\/wp-content\/uploads\/2026\/03\/MVIMG_20260125_160051-1536x1152.jpg 1536w, https:\/\/eletro.esds.edu.pt\/wp-content\/uploads\/2026\/03\/MVIMG_20260125_160051-2048x1536.jpg 2048w\" sizes=\"auto, (max-width: 1024px) 100vw, 1024px\" \/><\/div><a class=\"wp-block-latest-posts__post-title\" href=\"https:\/\/eletro.esds.edu.pt\/?p=776\">Equipa Code_BIN conquista 3.\u00ba lugar no Workshop Rob\u00f4Oeste 2026<\/a><div class=\"wp-block-latest-posts__post-author\">por profeletro<\/div><time datetime=\"2026-03-05T22:26:55+00:00\" class=\"wp-block-latest-posts__post-date\">5 de Mar\u00e7o, 2026<\/time><div class=\"wp-block-latest-posts__post-excerpt\">A Escola Secund\u00e1ria Domingos Sequeira esteve em destaque em Torres Vedras nos dias 24 e 25 de janeiro, ao conquistar o&nbsp; 3.\u00ba lugar no p\u00f3dio do Workshop Rob\u00f4Oeste 2026. A equipa Code_BIN, constitu\u00edda pelos alunos Rafael Morais, Guilherme Gomes e Leonardo\u2026 <a class=\"wp-block-latest-posts__read-more\" href=\"https:\/\/eletro.esds.edu.pt\/?p=776\" rel=\"noopener noreferrer\">Leia mais<span class=\"screen-reader-text\">: Equipa Code_BIN conquista 3.\u00ba lugar no Workshop Rob\u00f4Oeste 2026<\/span><\/a><\/div><\/li>\n<li><div class=\"wp-block-latest-posts__featured-image\"><img loading=\"lazy\" decoding=\"async\" width=\"1024\" height=\"575\" src=\"https:\/\/eletro.esds.edu.pt\/wp-content\/uploads\/2026\/01\/WhatsApp-Image-2026-01-15-at-15.45.10-3-1024x575.jpeg\" class=\"attachment-large size-large wp-post-image\" alt=\"\" style=\"\" srcset=\"https:\/\/eletro.esds.edu.pt\/wp-content\/uploads\/2026\/01\/WhatsApp-Image-2026-01-15-at-15.45.10-3-1024x575.jpeg 1024w, https:\/\/eletro.esds.edu.pt\/wp-content\/uploads\/2026\/01\/WhatsApp-Image-2026-01-15-at-15.45.10-3-300x169.jpeg 300w, https:\/\/eletro.esds.edu.pt\/wp-content\/uploads\/2026\/01\/WhatsApp-Image-2026-01-15-at-15.45.10-3-768x432.jpeg 768w, https:\/\/eletro.esds.edu.pt\/wp-content\/uploads\/2026\/01\/WhatsApp-Image-2026-01-15-at-15.45.10-3-1536x863.jpeg 1536w, https:\/\/eletro.esds.edu.pt\/wp-content\/uploads\/2026\/01\/WhatsApp-Image-2026-01-15-at-15.45.10-3.jpeg 1600w\" sizes=\"auto, (max-width: 1024px) 100vw, 1024px\" \/><\/div><a class=\"wp-block-latest-posts__post-title\" href=\"https:\/\/eletro.esds.edu.pt\/?p=745\">Fomos ao Centinfe<\/a><div class=\"wp-block-latest-posts__post-author\">por profeletro<\/div><time datetime=\"2026-01-15T15:49:00+00:00\" class=\"wp-block-latest-posts__post-date\">15 de Janeiro, 2026<\/time><div class=\"wp-block-latest-posts__post-excerpt\">As turmas dos 3 anos dos Cursos Profissionais de Eletr\u00f3nica, Automa\u00e7\u00e3o e Computadores foram visitar as instala\u00e7\u00f5es do Centinfe &#8211; Centro Tecnol\u00f3gico da Industria dos Moldes e Ferramentas Especiais, na Marinha Grande, nos passados dias 5, 8 e 12 de janeiro.\u2026 <a class=\"wp-block-latest-posts__read-more\" href=\"https:\/\/eletro.esds.edu.pt\/?p=745\" rel=\"noopener noreferrer\">Leia mais<span class=\"screen-reader-text\">: Fomos ao Centinfe<\/span><\/a><\/div><\/li>\n<li><div class=\"wp-block-latest-posts__featured-image\"><img loading=\"lazy\" decoding=\"async\" width=\"1024\" height=\"461\" src=\"https:\/\/eletro.esds.edu.pt\/wp-content\/uploads\/2024\/04\/IMG_20240323_103335-1024x461.jpg\" class=\"attachment-large size-large wp-post-image\" alt=\"\" style=\"\" srcset=\"https:\/\/eletro.esds.edu.pt\/wp-content\/uploads\/2024\/04\/IMG_20240323_103335-1024x461.jpg 1024w, https:\/\/eletro.esds.edu.pt\/wp-content\/uploads\/2024\/04\/IMG_20240323_103335-300x135.jpg 300w, https:\/\/eletro.esds.edu.pt\/wp-content\/uploads\/2024\/04\/IMG_20240323_103335-768x346.jpg 768w, https:\/\/eletro.esds.edu.pt\/wp-content\/uploads\/2024\/04\/IMG_20240323_103335-1536x691.jpg 1536w, https:\/\/eletro.esds.edu.pt\/wp-content\/uploads\/2024\/04\/IMG_20240323_103335-2048x922.jpg 2048w\" sizes=\"auto, (max-width: 1024px) 100vw, 1024px\" \/><\/div><a class=\"wp-block-latest-posts__post-title\" href=\"https:\/\/eletro.esds.edu.pt\/?p=632\">RoboParty 2024<\/a><div class=\"wp-block-latest-posts__post-author\">por profeletro<\/div><time datetime=\"2024-04-30T15:33:37+00:00\" class=\"wp-block-latest-posts__post-date\">30 de Abril, 2024<\/time><div class=\"wp-block-latest-posts__post-excerpt\">O clube de rob\u00f3tica esteve mais uma vez presente em Guimar\u00e3es, na RoboParty 2024, que decorreu entre os dias 21 e 23 de mar\u00e7o de 2024. Aqui ficam algumas fotos do evento.<\/div><\/li>\n<\/ul>","protected":false},"excerpt":{"rendered":"","protected":false},"author":1,"featured_media":0,"parent":0,"menu_order":0,"comment_status":"closed","ping_status":"closed","template":"","meta":{"footnotes":""},"class_list":["post-17","page","type-page","status-publish","hentry"],"_links":{"self":[{"href":"https:\/\/eletro.esds.edu.pt\/index.php?rest_route=\/wp\/v2\/pages\/17","targetHints":{"allow":["GET"]}}],"collection":[{"href":"https:\/\/eletro.esds.edu.pt\/index.php?rest_route=\/wp\/v2\/pages"}],"about":[{"href":"https:\/\/eletro.esds.edu.pt\/index.php?rest_route=\/wp\/v2\/types\/page"}],"author":[{"embeddable":true,"href":"https:\/\/eletro.esds.edu.pt\/index.php?rest_route=\/wp\/v2\/users\/1"}],"replies":[{"embeddable":true,"href":"https:\/\/eletro.esds.edu.pt\/index.php?rest_route=%2Fwp%2Fv2%2Fcomments&post=17"}],"version-history":[{"count":11,"href":"https:\/\/eletro.esds.edu.pt\/index.php?rest_route=\/wp\/v2\/pages\/17\/revisions"}],"predecessor-version":[{"id":658,"href":"https:\/\/eletro.esds.edu.pt\/index.php?rest_route=\/wp\/v2\/pages\/17\/revisions\/658"}],"wp:attachment":[{"href":"https:\/\/eletro.esds.edu.pt\/index.php?rest_route=%2Fwp%2Fv2%2Fmedia&parent=17"}],"curies":[{"name":"wp","href":"https:\/\/api.w.org\/{rel}","templated":true}]}}